2
Calculate the highest common factor of 5724 and 1636.
4
Calculate the highest common divisor of 476280 and 630.
630
What is the greatest common factor of 133 and 5607?
7
Calculate the highest common factor of 386952 and 6072.
552
Calculate the greatest common divisor of 2200 and 54296.
88
What is the greatest common factor of 3360 and 8720?
80
What is the highest common divisor of 43 and 69746?
43
What is the highest common divisor of 17811 and 27?
9
Calculate the highest common factor of 540 and 40780.
20
What is the highest common divisor of 1221 and 99?
33
What is the highest common factor of 416 and 4303?
13
What is the greatest common divisor of 169092 and 99?
99
Calculate the greatest common factor of 9213 and 415.
83
Calculate the greatest common divisor of 1800 and 9720.
360
What is the highest common divisor of 144 and 1062?
18
What is the highest common divisor of 1012 and 15224?
44
Calculate the greatest common factor of 621 and 2511.
27
Calculate the greatest common factor of 5838 and 24.
6
Calculate the greatest common factor of 27 and 847719.
27
What is the highest common divisor of 1075416 and 312?
24
What is the greatest common divisor of 1164 and 1328415?
291
Calculate the greatest common divisor of 70029 and 186.
93
Calculate the greatest common divisor of 16 and 376648.
8
What is the greatest common factor of 616 and 128282?
154
Calculate the highest common factor of 70616 and 689.
13
What is the greatest common divisor of 15512 and 329?
7
What is the greatest common factor of 8944 and 61533?
43
Calculate the highest common factor of 100881 and 66.
33
What is the highest common divisor of 624 and 18941?
13
Calculate the highest common divisor of 595895 and 15.
5
What is the highest common factor of 4865 and 3815?
35
What is the greatest common factor of 5440 and 6460?
340
Calculate the highest common factor of 711 and 1998.
9
What is the greatest common factor of 117 and 13611?
39
What is the greatest common factor of 77546 and 12606?
382
What is the greatest common factor of 66 and 664917?
33
Calculate the greatest common factor of 182 and 6020.
14
Calculate the greatest common divisor of 308 and 382096.
44
What is the highest common factor of 5254 and 814?
74
What is the highest common factor of 84 and 53529?
21
What is the highest common factor of 223254 and 36?
18
What is the highest common factor of 7571 and 1469?
113
Calculate the highest common factor of 7785 and 111285.
45
Calculate the greatest common divisor of 9 and 355857.
3
Calculate the greatest common factor of 2470500 and 45.
45
Calculate the highest common divisor of 24759 and 3423.
21
Calculate the greatest common divisor of 35670 and 25085.
145
What is the highest common factor of 58 and 3052337?
29
Calculate the highest common factor of 6426 and 106407.
189
Calculate the greatest common factor of 114 and 7327008.
114
Calculate the highest common divisor of 110489 and 313.
313
What is the greatest common factor of 965 and 1211075?
965
What is the greatest common factor of 2622 and 4959?
57
What is the highest common factor of 173288 and 152?
8
What is the highest common factor of 526 and 4607234?
526
Calculate the highest common divisor of 5802380 and 20.
20
What is the highest common factor of 143 and 443?
1
Calculate the highest common divisor of 783201 and 1349.
71
What is the greatest common divisor of 15705 and 30?
15
What is the greatest common factor of 20171 and 184?
23
Calculate the greatest common divisor of 42 and 2215822.
14
Calculate the highest common factor of 679 and 11834.
97
Calculate the greatest common factor of 62 and 15016369.
31
What is the highest common divisor of 7240 and 3112?
8
Calculate the highest common divisor of 52864 and 63616.
896
What is the highest common factor of 528 and 6312?
24
What is the highest common factor of 482 and 74?
2
What is the highest common divisor of 87327 and 1953?
279
What is the highest common factor of 394 and 727718?
394
Calculate the greatest common factor of 6000036 and 56.
28
What is the greatest common factor of 52794 and 525?
21
What is the highest common divisor of 14703 and 162240?
507
Calculate the greatest common divisor of 435036 and 84.
84
Calculate the highest common divisor of 240304 and 46.
46
What is the highest common factor of 29548 and 712?
356
What is the greatest common divisor of 36568 and 42?
14
Calculate the highest common factor of 1016 and 20480.
8
What is the greatest common factor of 26 and 626?
2
What is the greatest common divisor of 14 and 3988628?
14
Calculate the highest common divisor of 17955 and 264670.
665
Calculate the highest common factor of 9 and 213183.
9
What is the greatest common divisor of 2930 and 80?
10
Calculate the greatest common divisor of 26784 and 2201.
31
Calculate the highest common divisor of 2330 and 10.
10
Calculate the greatest common divisor of 7544 and 7216.
328
What is the highest common factor of 277836 and 132?
12
Calculate the highest common divisor of 400 and 17800.
200
Calculate the greatest common divisor of 28 and 205772.
28
What is the greatest common divisor of 129799 and 1329?
443
Calculate the highest common divisor of 8433 and 69.
3
Calculate the greatest common divisor of 1300 and 2587.
13
Calculate the highest common factor of 200 and 2217850.
50
What is the highest common divisor of 9500 and 109630?
190
What is the highest common factor of 224 and 2898?
14
What is the highest common factor of 140 and 129115?
35
Calculate the greatest common factor of 178 and 260.
2
What is the highest common factor of 2101 and 2827?
11
Calculate the highest common factor of 832 and 224.
32
What is the highest common divisor of 1221 and 23133?
33
Calculate the greatest common divisor of 1009562 and 782.
782
Calculate the highest common divisor of 1816785 and 188.
47
Calculate the greatest common divisor of 4433 and 81367.
143
Calculate the highest common factor of 10114 and 2834.
26
What is the greatest common divisor of 1544526 and 1908?
954
Calculate the highest common divisor of 306 and 3525426.
306
Calculate the greatest common factor of 329 and 130519.
47
What is the highest common divisor of 2430 and 75?
15
What is the highest common factor of 57454 and 207?
23
Calculate the highest common divisor of 3 and 38487.
3
Calculate the greatest common divisor of 2319 and 123.
3
What is the greatest common divisor of 684356 and 124?
124
Calculate the highest common factor of 5424430 and 1210.
1210
Calculate the highest common factor of 7682 and 370406.
334
What is the highest common factor of 3006 and 13193?
167
Calculate the greatest common factor of 1323145 and 265.
265
Calculate the highest common factor of 24092 and 608.
76
What is the greatest common divisor of 1382 and 27?
1
Calculate the greatest common factor of 680 and 15980.
340
What is the highest common divisor of 598 and 32864?
26
Calculate the highest common divisor of 10087 and 154.
77
Calculate the greatest common divisor of 8 and 3420032.
8
What is the highest common factor of 12711312 and 16?
16
What is the highest common divisor of 98611 and 62?
31
What is the highest common factor of 58131 and 432?
27
What is the greatest common divisor of 1358 and 3640?
14
Calculate the greatest common factor of 285 and 118655.
95
What is the highest common factor of 5887 and 5075?
203
What is the highest common factor of 14823 and 1215?
243
What is the highest common factor of 169912 and 38592?
536
What is the highest common factor of 412503 and 84?
21
What is the highest common factor of 1155 and 300531?
231
What is the greatest common divisor of 3256 and 28120?
296
Calculate the highest common divisor of 2592 and 5632.
32
What is the highest common factor of 48 and 123512?
8
What is the highest common divisor of 80390 and 30?
10
Calculate the highest common divisor of 10 and 87530.
10
Calculate the greatest common factor of 66 and 16602.
6
What is the highest common divisor of 2480 and 112096?
496
Calculate the greatest common factor of 42 and 5603626.
14
What is the highest common factor of 146 and 1603080?
146
Calculate the greatest common factor of 198 and 137790.
18
Calculate the greatest common divisor of 1058 and 1132589.
529
Calculate the highest common factor of 845280